b = -o*b. Let u be (-1)/(-2)*b/1. Let t(k) = k - 2. What is t(u)?
-2
Suppose -16 - 4 = -4*y. Let v(c) = -3*c**3 + 2*c**3 + 2*c**3 + 5 + y*c**2. Let a(l) = -3*l**2 - 6*l + 4. Let n be a(-3). Give v(n).
5
Let d(n) = n**2 + 7*n + 2. Suppose 0*u - 3*u - 15 = 0. Give d(u).
-8
Let o(g) = -g**2 + 7 - 7 - 3 + 3*g. Calculate o(5).
-13
Let k be -5*24/(-20) - 1. Let y(u) = -2*u + 3. Determine y(k).
-7
Let d(m) = m + 2. Let p(y) = -y**2 - 7*y - 7. Let v be p(-5). Let u(a) = -a - 1. Let f(i) = v*u(i) + 2*d(i). Let b be f(2). Let q(w) = 4*w + 1. Give q(b).
-3
Let k(w) = -6*w + 18 - 15 - 9. Give k(-5).
24
Suppose 0 = -301*i + 303*i - 4. Let y(j) be the third derivative of j**4/24 - j**3/6 - j**2. What is y(i)?
1
Let j(x) = x**2 - 2*x. Let d be j(3). Suppose 5*t = -2*k + 3, -4*t + d*k + 16 = 8*k. Let u(h) = 11*h + 1. Calculate u(t).
-10
Let v(m) be the second derivative of -1/6*m**3 + 3/2*m**2 + 0 + m. Let i = -9 + 5. Calculate v(i).
7
Let i(s) be the second derivative of -s**6/120 + s**5/10 - s**4/12 + s**3 + 5*s**2/2 - 4*s. Let b(q) be the first derivative of i(q). What is b(6)?
-6
Let h(t) = -13*t**2 - 8*t - 24. Let b(k) = 3*k**2 + 2*k + 6. Let p(y) = 9*b(y) + 2*h(y). Give p(-4).
14
Let c(q) = q - 4. Let h be c(7). Suppose 8 = 4*t - 2*t. Let f(z) = -2*z - h - 2*z + 6*z - t*z. What is f(-5)?
7
Let t(z) = -z**2 - 3*z - 1. Let k(x) = x**2 + 3*x + 2. Let h(f) = -4*k(f) - 5*t(f). Let s be 1/(-6) - 3231/54. Let v be (1*-1)/((-12)/s). Determine h(v).
7
Let m(d) = 3*d**2 - 2*d + 5. Suppose 26 = g - 3*f, 5*g + 2*f - 59 = -14. Let p(o) = -8*o**2 + 7*o - 15. Let q(v) = g*m(v) + 4*p(v). Give q(-5).
-10
Let a be 0 + (3 - 4) + 4. Let h be 75/7 - (-4)/14. Let o(j) = h*j - j**2 + 4 - 6*j + a. Determine o(5).
7
Suppose 4*v - a = 3*a, -2*v + a - 3 = 0. Let z = v - -3. Let l(m) = -m**2 - m - 4. Calculate l(z).
-4
Suppose -3*m + 5*d - 8 = -0*m, 5*m - 36 = -4*d. Let u(r) be the first derivative of r**2 - 4*r - 2. Calculate u(m).
4
Suppose 1 = -3*x - 2. Let m(c) = 14*c - 1. Let s(v) = 15*v + 2. Let w(r) = -1. Let d(b) = s(b) + 3*w(b). Let a(p) = 5*d(p) - 6*m(p). Calculate a(x).
10
Let g be (39/(-9) - -3)*9. Let w be (-1)/((-4)/g) - 2. Let a(y) = -y - 6. Determine a(w).
-1
Suppose -2*n + 3*j - 9 = 0, 5*n + 10 + 4 = -j. Let m(b) = b**3 + 2*b**2 - 3*b - 2. Give m(n).
-2
Let b(x) = -x - 2. Let d = -21 + 5. Let m = d + 13. Determine b(m).
1
Let p(h) = -3*h - 9. Suppose -1 = 3*t - 4, -t + 13 = -2*w. Let y be p(w). Let r be ((-8)/(-3))/(6/y). Let j(a) = a + 3. What is j(r)?
7
Let l(y) = 3*y**2 + 7*y + 2. Let g(s) = -4*s**2 - 7*s - 3. Let o(c) = -4*g(c) - 5*l(c). Calculate o(6).
-4
Let z(c) = 5*c**3 + 6*c**2 + c - 8. Let k(x) = x**3 - x - 1. Let v(n) = -4*k(n) + z(n). What is v(-4)?
8
Let g(a) = a. Let m(u) = 3*u - 8. Let k(s) = 2*g(s) - m(s). Let l(j) = j**3 - 14*j**2 + j - 10. Let q be l(14). Determine k(q).
4
Let h(u) = u**3 + u**2 + 1. Let g(x) be the third derivative of -x**6/30 - x**5/12 + x**4/12 - 3*x**2. Let s(m) = -g(m) - 3*h(m). Determine s(-3).
-6
Let c(i) = -i**3 + 4*i**2 - i - 3. Suppose -z + 2*v + 7 = 2*z, v - 10 = -3*z. Let t be c(z). Let m(o) be the third derivative of o**4/12 - 10*o**2. Give m(t).
6
Let z(o) = o**3 + 6*o**2 + 5*o + 7. Let v be z(-5). Let d(k) = k**2 - 4*k - 8. Give d(v).
13
Suppose -12 + 2 = 2*t. Let f = -8 - t. Let q(x) = -3*x - 1 + 6*x - 4*x. Calculate q(f).
2
Let i(f) = 5*f**2 - 12*f + 1. Let v(k) = k**2 - 3*k. Let x(g) = 2*i(g) - 9*v(g). Suppose 9*t - 6*t + 6 = 0. What is x(t)?
0
Let o(s) = s**3 - s**2 - s + 2. Let l = 8 - 5. Suppose l*v - 2*k + 11 = 0, v = -v + k - 6. Let i = -3 - v. Calculate o(i).
-8
Let x(c) = -2*c**2 - 8*c - 9. Let j(p) = -p**2 - 4*p - 4. Let k(g) = 5*j(g) - 2*x(g). Give k(-3).
1
Let p(z) = z + 1. Suppose 5*f + d + 32 = -3*d, 0 = -f + 2*d - 12. Let g = 2 + f. Determine p(g).
-5
Let h(a) = a**3 - 6*a**2 + 5*a - 4. Suppose -g + 1 = 2*p + 2, 0 = -5*g - p + 13. Suppose g*u = 3 + 6. Suppose -u*l = 3 - 18. Calculate h(l).
-4
Let m(o) = -o - 2. Let s(n) = -2 - 4 + 4 - 3 - 2*n. Let a be s(-4). What is m(a)?
-5
Let o(v) = -8*v**3 - 6*v**3 - 3*v**2 - 2*v + 3*v + 13*v**3. Calculate o(-4).
12
Let p(k) = -2*k + 2. Suppose 0 = 3*a - 2*y + 7, 4*a + 3*y + 15 = -0*y. Determine p(a).
8
Let r(s) = -s + 4. Let f be r(6). Let t(z) = 2*z**3 - 3*z**2 - z - 2. Let n(i) = -1 + i**3 + 0 - i**2 + i**2. Let a(m) = 3*n(m) - t(m). What is a(f)?
1
Let s(y) be the second derivative of -y**4/12 + y**3/6 + y**2/2 - 25*y. Let v(d) = d**2 - d - 4. Let b be v(3). Give s(b).
-1
Suppose -c = -3*y - 1 - 8, 0 = -4*c + 2*y + 36. Let v(w) = w - c + 6 - 3. What is v(5)?
-1
Let u = -49 - -47. Let r(f) = f**2 + 3*f + 2. What is r(u)?
0
Let s(u) be the second derivative of u**3/3 + u**2 + u. What is s(2)?
6
Let d be 1 - (3 - 7 - -3). Suppose 2 + 4 = d*p. Let x(a) = -2*a - 2. Let j(m) = 6*m + 5. Let q(h) = -3*j(h) - 8*x(h). Determine q(p).
-5
Let v = -8 - -12. Suppose -14 = 4*l + 6, 3*b - 62 = v*l. Let r be 3/(-4) - b/(-8). Let w(f) = 6*f + 1. Give w(r).
7
Let o = 49 - 50. Let y(t) be the second derivative of 4*t**5/5 + t**4/6 + t**3/6 - 4*t. What is y(o)?
-15
Let g(r) = r**3 - 7*r**2 + 6*r - 7. Let p be g(6). Let c(z) = 5*z**2 - 15*z - 6. Let n(b) = 2*b**2 - 7*b - 3. Let k(t) = p*n(t) + 3*c(t). What is k(-5)?
8
Let l(q) be the first derivative of -q**3/3 + 5*q**2/2 - 25. Let i = 4 - -1. Calculate l(i).
0
Let t(h) = -h**2 - h + 1. Let j(m) = 2*m + 3*m**3 + 0*m - m**2 + 5 - 2*m**3 - 2*m**3. Let z(d) = -j(d) + 3*t(d). Determine z(4).
10
Suppose -3*x = -16 - 2. Let q(p) = p**2 - 8*p + 8. What is q(x)?
-4
Let n(c) = -35 - 35 + 68 - c. Suppose 3*z - 15 = -0*z. Suppose -z*a - 40 + 5 = 5*o, -a - 3*o = 13. Give n(a).
2
Let w(d) = -d**2 + 3*d - 3. Let b(l) = 4*l**2 - 8*l + 8. Let f(m) = 3*b(m) + 8*w(m). Let v = -6 - -9. Let j = v - 2. Determine f(j).
4
Let i(c) be the second derivative of c**5/20 - c**4/12 + c**3/3 - 2*c. Let x be (-11)/(-66) - 22/(-12). Determine i(x).
8
Let q(t) = -t**3 - 7*t**2 + 2*t + 14. Let j be q(-7). Let l(n) = -n**2 + n - 6. What is l(j)?
-6
Let c(y) = -y**3 + y + 4. Let q be c(0). Let v be 6/(-3)*(-2)/q. Suppose -2 = -n - 3*i + v, -4 = -4*i. Let d(g) = g**3 - g**2 - g - 7. Give d(n).
-7
Let q(v) = -2*v**3 - 3*v**2 - 3*v + 1. Let c(j) = -2*j**2 + j**2 - 4*j - 2*j**2 + 0*j**2 + 1 - 2*j**3. Let b(h) = -2*c(h) + 3*q(h). What is b(-2)?
7
Let s = -1 + -2. Suppose -2 = w + 1, -2 = 5*l + 4*w. Let q(o) = -2*o**2 + 2 + 7*o**2 - 2*o**2 - l*o**2 + 3*o. What is q(s)?
2
Let i(j) = j**3 + 10*j**2 + 6*j + 3*j - 4*j - 3*j + 12. Give i(-10).
-8
Let w(a) = -a**3 + a**2 + 4*a + 1. Suppose -5*s - 4*g = -9 - 2, 0 = -4*s + 4*g + 16. Calculate w(s).
-5
Suppose 13*m + 3*m - 6*m = 0. Let z(c) be the third derivative of 1/3*c**3 - 1/8*c**4 - 3*c**2 + 0 + m*c. Give z(2).
-4
Suppose -18 + 2 = -4*k. Let d(j) = -j**2 + 2 + 2*j - 2 + j + k. Calculate d(5).
-6
Let w(z) = -7*z**3 + 2*z**2 - 1. Let q = 3 - 1. Suppose 0*d - q*d = 2. Let t = 0 - d. What is w(t)?
-6
Let z(d) be the first derivative of d**2/2 + 9*d + 24. Let s = -11 - -4. Let o be z(s). Let w(i) = -i + 2. Give w(o).
0
Let j(v) = -1 + 3 - 2 - v - 7. Let a be j(-6). Let k(u) = 4*u. What is k(a)?
-4
Let k(d) = d**2. Let w(p) = -p**3 - p**2. Let b(u) = 4*k(u) + w(u). Let t(l) = -l**3 + l**2 - l - 6. Let g be t(0). Let x be -2*(1 - (-15)/g). Determine b(x).
0
Suppose -2*g + 2*v + 4 = 0, -2*v = -g + 2 + 4. Let b be g/((2/(-5))/(-1)). Let n(l) = 3*l**2 + 5*l**2 + 5 - 5*l - 4*l**2 + l**3. Calculate n(b).
5
Let l(d) be the first derivative of d**4/4 - 8*d**3/3 + 7*d**2/2 + 5*d - 24. Give l(7).
5
Suppose -7*k + 28 = -0*k. Let z(l) = -l**2 + 0*l**2 + 4*l + 3*l - 6. Give z(k).
6
Let d be 200/(-75) + (-8)/6. Let c(b) = -3*b - 6. Give c(d).
6
Suppose -p + 6*p = 10. Let m be 3/(p*12/16). Let k(w) = w**3 - 2*w + 3. Determine k(m).
7
Let q be (1/(-2))/(3/(-12)). Let y(r) = -17*r**q + 2 - r**3 - 1 + 16*r**2. Give y(-2).
5
Let r = -10 + 19. Let m(p) = 2*p**2 + 2*p + 0*p**2 + r*p**2 - 1. Calculate m(1).
12
Let z(r) = r**2 + 1. Let u(h) = -5*h**2 + 2*h - 4. Let f(m) = -u(m) - 3*z(m). Give f(2).
5
Suppose -4*a = r - 3*a - 10, 0 = -r - 2*a + 15. Let o(k) = k - 10. Let d(i) = -3*i + 30. Let m(v) = -4*d(v) - 11*o(v). Calculate m(r).
-5
Let x(r) = 4*r - 8. Let l(k) = -2*k + 4. Let a(u) = -5*l(u) - 2*x(u). Give a(2).
0
Suppose -10 = 5*y - 2*i + i, 